{"id":1467,"date":"2026-03-29T11:19:50","date_gmt":"2026-03-29T11:19:50","guid":{"rendered":"https:\/\/bibazu.com\/?post_type=product&#038;p=1467"},"modified":"2026-03-29T13:36:40","modified_gmt":"2026-03-29T13:36:40","slug":"biba-olatuak","status":"publish","type":"product","link":"https:\/\/bibazu.com\/index.php\/producto\/biba-olatuak\/","title":{"rendered":"BIBA OLATUAK"},"content":{"rendered":"","protected":false},"excerpt":{"rendered":"<p><strong>KONPOSIZIOA <\/strong><i>\/ COMPOSICI\u00d3N<\/i><\/p>\n<p><strong>%100 kotoi organikoa<\/strong><\/p>\n<p><i>%100 algod\u00f3n org\u00e1nico<\/i><\/p>\n<p><strong>Felpa pertxatu gabea, % 100 kotoia, ehun garbitua, ehun tindatua<\/strong><\/p>\n<p><i>Felpa no perchada, 100 % algod\u00f3n, tejido lavado, tejido te\u00f1ido<\/i><\/p>\n<p><strong>ZAINZA<\/strong><i> \/ CUIDADOS<\/i><\/p>\n<p><strong>Buelta eman garbitu eta plantxatzeko<\/strong><\/p>\n<p><i>Lavar y planchar del rev\u00e9s<\/i><\/p>\n<p><strong>Kolore antzekoekin garbitu<\/strong><\/p>\n<p><i>Lavar con colores similares<\/i><\/p>\n<p><strong>Serigrafia ez plantxatu<\/strong><\/p>\n<p><i>No planchar la serigraf\u00eda<\/i><\/p>\n","protected":false},"featured_media":1478,"comment_status":"open","ping_status":"closed","template":"","meta":{"ocean_post_layout":"","ocean_both_sidebars_style":"","ocean_both_sidebars_content_width":0,"ocean_both_sidebars_sidebars_width":0,"ocean_sidebar":"0","ocean_second_sidebar":"0","ocean_disable_margins":"enable","ocean_add_body_class":"","ocean_shortcode_before_top_bar":"","ocean_shortcode_after_top_bar":"","ocean_shortcode_before_header":"","ocean_shortcode_after_header":"","ocean_has_shortcode":"","ocean_shortcode_after_title":"","ocean_shortcode_before_footer_widgets":"","ocean_shortcode_after_footer_widgets":"","ocean_shortcode_before_footer_bottom":"","ocean_shortcode_after_footer_bottom":"","ocean_display_top_bar":"default","ocean_display_header":"default","ocean_header_style":"","ocean_center_header_left_menu":"0","ocean_custom_header_template":"0","ocean_custom_logo":0,"ocean_custom_retina_logo":0,"ocean_custom_logo_max_width":0,"ocean_custom_logo_tablet_max_width":0,"ocean_custom_logo_mobile_max_width":0,"ocean_custom_logo_max_height":0,"ocean_custom_logo_tablet_max_height":0,"ocean_custom_logo_mobile_max_height":0,"ocean_header_custom_menu":"0","ocean_menu_typo_font_family":"0","ocean_menu_typo_font_subset":"","ocean_menu_typo_font_size":0,"ocean_menu_typo_font_size_tablet":0,"ocean_menu_typo_font_size_mobile":0,"ocean_menu_typo_font_size_unit":"px","ocean_menu_typo_font_weight":"","ocean_menu_typo_font_weight_tablet":"","ocean_menu_typo_font_weight_mobile":"","ocean_menu_typo_transform":"","ocean_menu_typo_transform_tablet":"","ocean_menu_typo_transform_mobile":"","ocean_menu_typo_line_height":0,"ocean_menu_typo_line_height_tablet":0,"ocean_menu_typo_line_height_mobile":0,"ocean_menu_typo_line_height_unit":"","ocean_menu_typo_spacing":0,"ocean_menu_typo_spacing_tablet":0,"ocean_menu_typo_spacing_mobile":0,"ocean_menu_typo_spacing_unit":"","ocean_menu_link_color":"","ocean_menu_link_color_hover":"","ocean_menu_link_color_active":"","ocean_menu_link_background":"","ocean_menu_link_hover_background":"","ocean_menu_link_active_background":"","ocean_menu_social_links_bg":"","ocean_menu_social_hover_links_bg":"","ocean_menu_social_links_color":"","ocean_menu_social_hover_links_color":"","ocean_disable_title":"default","ocean_disable_heading":"default","ocean_post_title":"","ocean_post_subheading":"","ocean_post_title_style":"","ocean_post_title_background_color":"","ocean_post_title_background":0,"ocean_post_title_bg_image_position":"","ocean_post_title_bg_image_attachment":"","ocean_post_title_bg_image_repeat":"","ocean_post_title_bg_image_size":"","ocean_post_title_height":0,"ocean_post_title_bg_overlay":0.5,"ocean_post_title_bg_overlay_color":"","ocean_disable_breadcrumbs":"default","ocean_breadcrumbs_color":"","ocean_breadcrumbs_separator_color":"","ocean_breadcrumbs_links_color":"","ocean_breadcrumbs_links_hover_color":"","ocean_display_footer_widgets":"default","ocean_display_footer_bottom":"default","ocean_custom_footer_template":"0","omw_enable_modal_window":"enable"},"product_brand":[30],"product_cat":[34],"product_tag":[],"class_list":{"0":"post-1467","1":"product","2":"type-product","3":"status-publish","4":"has-post-thumbnail","6":"product_brand-biba","7":"product_cat-sudadera","9":"entry","10":"has-media","12":"first","13":"instock","14":"shipping-taxable","15":"purchasable","16":"product-type-variable","17":"has-product-nav","18":"col","19":"span_1_of_3","20":"owp-content-center","21":"owp-thumbs-layout-horizontal","22":"owp-btn-normal","23":"owp-tabs-layout-horizontal"},"yoast_head":"<!-- This site is optimized with the Yoast SEO plugin v27.4 - https:\/\/yoast.com\/product\/yoast-seo-wordpress\/ -->\n<title>BIBA OLATUAK - BIBA ZU<\/title>\n<meta name=\"robots\" content=\"index, follow, max-snippet:-1, max-image-preview:large, max-video-preview:-1\" \/>\n<link rel=\"canonical\" href=\"https:\/\/bibazu.com\/index.php\/producto\/biba-olatuak\/\" \/>\n<meta property=\"og:locale\" content=\"es_ES\" \/>\n<meta property=\"og:type\" content=\"article\" \/>\n<meta property=\"og:title\" content=\"BIBA OLATUAK - BIBA ZU\" \/>\n<meta property=\"og:description\" content=\"KONPOSIZIOA \/ COMPOSICI\u00d3N  %100 kotoi organikoa  %100 algod\u00f3n org\u00e1nico  Felpa pertxatu gabea, % 100 kotoia, ehun garbitua, ehun tindatua  Felpa no perchada, 100 % algod\u00f3n, tejido lavado, tejido te\u00f1ido  ZAINZA \/ CUIDADOS  Buelta eman garbitu eta plantxatzeko  Lavar y planchar del rev\u00e9s  Kolore antzekoekin garbitu  Lavar con colores similares  Serigrafia ez plantxatu  No planchar la serigraf\u00eda\" \/>\n<meta property=\"og:url\" content=\"https:\/\/bibazu.com\/index.php\/producto\/biba-olatuak\/\" \/>\n<meta property=\"og:site_name\" content=\"BIBA ZU\" \/>\n<meta property=\"article:modified_time\" content=\"2026-03-29T13:36:40+00:00\" \/>\n<meta property=\"og:image\" content=\"https:\/\/bibazu.com\/wp-content\/uploads\/2026\/03\/Suda.-olatua5.jpg\" \/>\n\t<meta property=\"og:image:width\" content=\"850\" \/>\n\t<meta property=\"og:image:height\" content=\"635\" \/>\n\t<meta property=\"og:image:type\" content=\"image\/jpeg\" \/>\n<meta name=\"twitter:card\" content=\"summary_large_image\" \/>\n<meta name=\"twitter:label1\" content=\"Tiempo de lectura\" \/>\n\t<meta name=\"twitter:data1\" content=\"1 minuto\" \/>\n<script type=\"application\/ld+json\" class=\"yoast-schema-graph\">{\"@context\":\"https:\\\/\\\/schema.org\",\"@graph\":[{\"@type\":\"WebPage\",\"@id\":\"https:\\\/\\\/bibazu.com\\\/index.php\\\/producto\\\/biba-olatuak\\\/\",\"url\":\"https:\\\/\\\/bibazu.com\\\/index.php\\\/producto\\\/biba-olatuak\\\/\",\"name\":\"BIBA OLATUAK - BIBA ZU\",\"isPartOf\":{\"@id\":\"https:\\\/\\\/bibazu.com\\\/#website\"},\"primaryImageOfPage\":{\"@id\":\"https:\\\/\\\/bibazu.com\\\/index.php\\\/producto\\\/biba-olatuak\\\/#primaryimage\"},\"image\":{\"@id\":\"https:\\\/\\\/bibazu.com\\\/index.php\\\/producto\\\/biba-olatuak\\\/#primaryimage\"},\"thumbnailUrl\":\"https:\\\/\\\/bibazu.com\\\/wp-content\\\/uploads\\\/2026\\\/03\\\/Suda.-olatua5.jpg\",\"datePublished\":\"2026-03-29T11:19:50+00:00\",\"dateModified\":\"2026-03-29T13:36:40+00:00\",\"breadcrumb\":{\"@id\":\"https:\\\/\\\/bibazu.com\\\/index.php\\\/producto\\\/biba-olatuak\\\/#breadcrumb\"},\"inLanguage\":\"es\",\"potentialAction\":[{\"@type\":\"ReadAction\",\"target\":[\"https:\\\/\\\/bibazu.com\\\/index.php\\\/producto\\\/biba-olatuak\\\/\"]}]},{\"@type\":\"ImageObject\",\"inLanguage\":\"es\",\"@id\":\"https:\\\/\\\/bibazu.com\\\/index.php\\\/producto\\\/biba-olatuak\\\/#primaryimage\",\"url\":\"https:\\\/\\\/bibazu.com\\\/wp-content\\\/uploads\\\/2026\\\/03\\\/Suda.-olatua5.jpg\",\"contentUrl\":\"https:\\\/\\\/bibazu.com\\\/wp-content\\\/uploads\\\/2026\\\/03\\\/Suda.-olatua5.jpg\",\"width\":850,\"height\":635},{\"@type\":\"BreadcrumbList\",\"@id\":\"https:\\\/\\\/bibazu.com\\\/index.php\\\/producto\\\/biba-olatuak\\\/#breadcrumb\",\"itemListElement\":[{\"@type\":\"ListItem\",\"position\":1,\"name\":\"Portada\",\"item\":\"https:\\\/\\\/bibazu.com\\\/\"},{\"@type\":\"ListItem\",\"position\":2,\"name\":\"Shop\",\"item\":\"https:\\\/\\\/bibazu.com\\\/index.php\\\/shop\\\/\"},{\"@type\":\"ListItem\",\"position\":3,\"name\":\"BIBA OLATUAK\"}]},{\"@type\":\"WebSite\",\"@id\":\"https:\\\/\\\/bibazu.com\\\/#website\",\"url\":\"https:\\\/\\\/bibazu.com\\\/\",\"name\":\"BIBA ZU\",\"description\":\"\",\"publisher\":{\"@id\":\"https:\\\/\\\/bibazu.com\\\/#organization\"},\"potentialAction\":[{\"@type\":\"SearchAction\",\"target\":{\"@type\":\"EntryPoint\",\"urlTemplate\":\"https:\\\/\\\/bibazu.com\\\/?s={search_term_string}\"},\"query-input\":{\"@type\":\"PropertyValueSpecification\",\"valueRequired\":true,\"valueName\":\"search_term_string\"}}],\"inLanguage\":\"es\"},{\"@type\":\"Organization\",\"@id\":\"https:\\\/\\\/bibazu.com\\\/#organization\",\"name\":\"BIBA ZU\",\"url\":\"https:\\\/\\\/bibazu.com\\\/\",\"logo\":{\"@type\":\"ImageObject\",\"inLanguage\":\"es\",\"@id\":\"https:\\\/\\\/bibazu.com\\\/#\\\/schema\\\/logo\\\/image\\\/\",\"url\":\"https:\\\/\\\/bibazu.com\\\/wp-content\\\/uploads\\\/2025\\\/04\\\/cropped-logo-biba.png\",\"contentUrl\":\"https:\\\/\\\/bibazu.com\\\/wp-content\\\/uploads\\\/2025\\\/04\\\/cropped-logo-biba.png\",\"width\":100,\"height\":28,\"caption\":\"BIBA ZU\"},\"image\":{\"@id\":\"https:\\\/\\\/bibazu.com\\\/#\\\/schema\\\/logo\\\/image\\\/\"}}]}<\/script>\n<!-- \/ Yoast SEO plugin. -->","yoast_head_json":{"title":"BIBA OLATUAK - BIBA ZU","robots":{"index":"index","follow":"follow","max-snippet":"max-snippet:-1","max-image-preview":"max-image-preview:large","max-video-preview":"max-video-preview:-1"},"canonical":"https:\/\/bibazu.com\/index.php\/producto\/biba-olatuak\/","og_locale":"es_ES","og_type":"article","og_title":"BIBA OLATUAK - BIBA ZU","og_description":"KONPOSIZIOA \/ COMPOSICI\u00d3N  %100 kotoi organikoa  %100 algod\u00f3n org\u00e1nico  Felpa pertxatu gabea, % 100 kotoia, ehun garbitua, ehun tindatua  Felpa no perchada, 100 % algod\u00f3n, tejido lavado, tejido te\u00f1ido  ZAINZA \/ CUIDADOS  Buelta eman garbitu eta plantxatzeko  Lavar y planchar del rev\u00e9s  Kolore antzekoekin garbitu  Lavar con colores similares  Serigrafia ez plantxatu  No planchar la serigraf\u00eda","og_url":"https:\/\/bibazu.com\/index.php\/producto\/biba-olatuak\/","og_site_name":"BIBA ZU","article_modified_time":"2026-03-29T13:36:40+00:00","og_image":[{"width":850,"height":635,"url":"https:\/\/bibazu.com\/wp-content\/uploads\/2026\/03\/Suda.-olatua5.jpg","type":"image\/jpeg"}],"twitter_card":"summary_large_image","twitter_misc":{"Tiempo de lectura":"1 minuto"},"schema":{"@context":"https:\/\/schema.org","@graph":[{"@type":"WebPage","@id":"https:\/\/bibazu.com\/index.php\/producto\/biba-olatuak\/","url":"https:\/\/bibazu.com\/index.php\/producto\/biba-olatuak\/","name":"BIBA OLATUAK - BIBA ZU","isPartOf":{"@id":"https:\/\/bibazu.com\/#website"},"primaryImageOfPage":{"@id":"https:\/\/bibazu.com\/index.php\/producto\/biba-olatuak\/#primaryimage"},"image":{"@id":"https:\/\/bibazu.com\/index.php\/producto\/biba-olatuak\/#primaryimage"},"thumbnailUrl":"https:\/\/bibazu.com\/wp-content\/uploads\/2026\/03\/Suda.-olatua5.jpg","datePublished":"2026-03-29T11:19:50+00:00","dateModified":"2026-03-29T13:36:40+00:00","breadcrumb":{"@id":"https:\/\/bibazu.com\/index.php\/producto\/biba-olatuak\/#breadcrumb"},"inLanguage":"es","potentialAction":[{"@type":"ReadAction","target":["https:\/\/bibazu.com\/index.php\/producto\/biba-olatuak\/"]}]},{"@type":"ImageObject","inLanguage":"es","@id":"https:\/\/bibazu.com\/index.php\/producto\/biba-olatuak\/#primaryimage","url":"https:\/\/bibazu.com\/wp-content\/uploads\/2026\/03\/Suda.-olatua5.jpg","contentUrl":"https:\/\/bibazu.com\/wp-content\/uploads\/2026\/03\/Suda.-olatua5.jpg","width":850,"height":635},{"@type":"BreadcrumbList","@id":"https:\/\/bibazu.com\/index.php\/producto\/biba-olatuak\/#breadcrumb","itemListElement":[{"@type":"ListItem","position":1,"name":"Portada","item":"https:\/\/bibazu.com\/"},{"@type":"ListItem","position":2,"name":"Shop","item":"https:\/\/bibazu.com\/index.php\/shop\/"},{"@type":"ListItem","position":3,"name":"BIBA OLATUAK"}]},{"@type":"WebSite","@id":"https:\/\/bibazu.com\/#website","url":"https:\/\/bibazu.com\/","name":"BIBA ZU","description":"","publisher":{"@id":"https:\/\/bibazu.com\/#organization"},"potentialAction":[{"@type":"SearchAction","target":{"@type":"EntryPoint","urlTemplate":"https:\/\/bibazu.com\/?s={search_term_string}"},"query-input":{"@type":"PropertyValueSpecification","valueRequired":true,"valueName":"search_term_string"}}],"inLanguage":"es"},{"@type":"Organization","@id":"https:\/\/bibazu.com\/#organization","name":"BIBA ZU","url":"https:\/\/bibazu.com\/","logo":{"@type":"ImageObject","inLanguage":"es","@id":"https:\/\/bibazu.com\/#\/schema\/logo\/image\/","url":"https:\/\/bibazu.com\/wp-content\/uploads\/2025\/04\/cropped-logo-biba.png","contentUrl":"https:\/\/bibazu.com\/wp-content\/uploads\/2025\/04\/cropped-logo-biba.png","width":100,"height":28,"caption":"BIBA ZU"},"image":{"@id":"https:\/\/bibazu.com\/#\/schema\/logo\/image\/"}}]}},"_links":{"self":[{"href":"https:\/\/bibazu.com\/index.php\/wp-json\/wp\/v2\/product\/1467","targetHints":{"allow":["GET"]}}],"collection":[{"href":"https:\/\/bibazu.com\/index.php\/wp-json\/wp\/v2\/product"}],"about":[{"href":"https:\/\/bibazu.com\/index.php\/wp-json\/wp\/v2\/types\/product"}],"replies":[{"embeddable":true,"href":"https:\/\/bibazu.com\/index.php\/wp-json\/wp\/v2\/comments?post=1467"}],"wp:featuredmedia":[{"embeddable":true,"href":"https:\/\/bibazu.com\/index.php\/wp-json\/wp\/v2\/media\/1478"}],"wp:attachment":[{"href":"https:\/\/bibazu.com\/index.php\/wp-json\/wp\/v2\/media?parent=1467"}],"wp:term":[{"taxonomy":"product_brand","embeddable":true,"href":"https:\/\/bibazu.com\/index.php\/wp-json\/wp\/v2\/product_brand?post=1467"},{"taxonomy":"product_cat","embeddable":true,"href":"https:\/\/bibazu.com\/index.php\/wp-json\/wp\/v2\/product_cat?post=1467"},{"taxonomy":"product_tag","embeddable":true,"href":"https:\/\/bibazu.com\/index.php\/wp-json\/wp\/v2\/product_tag?post=1467"}],"curies":[{"name":"wp","href":"https:\/\/api.w.org\/{rel}","templated":true}]}}